List the prime factors of 2007402.
2, 3, 157, 2131
List the prime factors of 531311.
11, 4391
What are the prime factors of 638259?
3, 31, 6863
List the prime factors of 7684516.
2, 7, 127, 2161
What are the prime factors of 17481?
3, 5827
List the prime factors of 266038.
2, 19, 7001
List the prime factors of 9005037.
3, 1579, 1901
List the prime factors of 3314098.
2, 1657049
What are the prime factors of 10761189?
3, 1051, 3413
List the prime factors of 75947.
173, 439
What are the prime factors of 6685131?
3, 17, 19, 6899
List the prime factors of 638248.
2, 13, 17, 19
List the prime factors of 1918.
2, 7, 137
What are the prime factors of 2514050?
2, 5, 7, 11, 653
List the prime factors of 1618232.
2, 7, 11, 37, 71
List the prime factors of 1272097.
37, 34381
What are the prime factors of 31198631?
491, 63541
What are the prime factors of 429399?
3, 47711
List the prime factors of 22909869.
3, 683, 3727
List the prime factors of 348510.
2, 3, 5, 11617
List the prime factors of 259159.
259159
List the prime factors of 3759976.
2, 11, 42727
List the prime factors of 1563756.
2, 3, 151, 863
What are the prime factors of 9601885?
5, 1920377
What are the prime factors of 11005968?
2, 3, 167, 1373
List the prime factors of 8824260.
2, 3, 5, 61, 2411
List the prime factors of 916440.
2, 3, 5, 7, 1091
What are the prime factors of 519192?
2, 3, 7211
List the prime factors of 113150.
2, 5, 31, 73
List the prime factors of 156202.
2, 78101
What are the prime factors of 14339?
13, 1103
What are the prime factors of 989580?
2, 3, 5, 16493
What are the prime factors of 2934845?
5, 607, 967
List the prime factors of 1971689.
107, 18427
What are the prime factors of 13965293?
3407, 4099
List the prime factors of 17102120.
2, 5, 7, 103, 593
What are the prime factors of 16970303?
7, 2424329
What are the prime factors of 1751843?
263, 6661
List the prime factors of 2029952.
2, 15859
List the prime factors of 489303.
3, 54367
List the prime factors of 626183.
19, 32957
List the prime factors of 158377.
109, 1453
List the prime factors of 155416.
2, 19427
What are the prime factors of 17958180?
2, 3, 5, 229, 1307
What are the prime factors of 360612?
2, 3, 7, 53
List the prime factors of 75942.
2, 3, 4219
List the prime factors of 1594667.
67, 23801
What are the prime factors of 420248?
2, 131, 401
What are the prime factors of 4224282?
2, 3, 59, 11933
List the prime factors of 2412505.
5, 482501
List the prime factors of 28761.
3, 9587
What are the prime factors of 370933?
59, 6287
What are the prime factors of 314002?
2, 13, 929
What are the prime factors of 8788731?
3, 7, 418511
List the prime factors of 352854.
2, 3, 19603
List the prime factors of 4480598.
2, 2240299
List the prime factors of 15496.
2, 13, 149
List the prime factors of 179966.
2, 89983
What are the prime factors of 973766?
2, 37, 13159
What are the prime factors of 630268?
2, 19, 8293
What are the prime factors of 7658108?
2, 1914527
List the prime factors of 2110960.
2, 5, 26387
List the prime factors of 17580131.
31, 567101
List the prime factors of 78224.
2, 4889
What are the prime factors of 1528931?
41, 89, 419
List the prime factors of 11753316.
2, 3, 108827
What are the prime factors of 7424217?
3, 151, 607
List the prime factors of 28104367.
23, 479, 2551
List the prime factors of 5883126.
2, 3, 59, 16619
What are the prime factors of 47632?
2, 13, 229
List the prime factors of 1066551.
3, 355517
What are the prime factors of 1398906?
2, 3, 23, 31, 109
List the prime factors of 8022841.
8022841
What are the prime factors of 12330823?
59, 208997
List the prime factors of 2200874.
2, 13, 84649
List the prime factors of 106343.
19, 29, 193
What are the prime factors of 6160734?
2, 3, 23, 647
List the prime factors of 10843106.
2, 41, 132233
What are the prime factors of 2104363?
2104363
What are the prime factors of 6399742?
2, 37, 197, 439
List the prime factors of 7672944.
2, 3, 159853
What are the prime factors of 1516988?
2, 11, 23, 1499
List the prime factors of 1568636.
2, 392159
List the prime factors of 269840.
2, 5, 3373
List the prime factors of 2822767.
23, 31, 37, 107
What are the prime factors of 67452?
2, 3, 7, 11, 73
List the prime factors of 831200.
2, 5, 1039
What are the prime factors of 12922954?
2, 11, 41, 14327
What are the prime factors of 6065984?
2, 94781
List the prime factors of 878540.
2, 5, 13, 31, 109
What are the prime factors of 475804?
2, 7, 16993
List the prime factors of 6480868.
2, 1620217
What are the prime factors of 6246?
2, 3, 347
List the prime factors of 1460582.
2, 167, 4373
List the prime factors of 86010.
2, 3, 5, 47, 61
List the prime factors of 1221504.
2, 3, 3181
What are the prime factors of 548404?
2, 71, 1931
List the prime factors of 32491.
32491
List the prime factors of 1490201.
31, 53, 907
What are the prime factors of 290592?
2, 3, 1009
What are the prime factors of 4488?
2, 3, 11, 17
List the prime factors of 93440.
2, 5, 73
List the prime factors of 324174.
2, 3, 97, 557
What are the prime factors of 109281?
3, 73, 499
List the prime factors of 6718100.
2, 5, 67181
List the prime factors of 3186978.
2, 3, 531163
What are the prime factors of 43302?
2, 3, 7, 1031
List the prime factors of 355161.
3, 118387
What are the prime factors of 2035378?
2, 193, 5273
List the prime factors of 798822.
2, 3, 4931
What are the prime factors of 565040?
2, 5, 7, 1009
List the prime factors of 3221776.
2, 61, 3301
What are the prime factors of 244814?
2, 109, 1123
List the prime factors of 497446.
2, 248723
List the prime factors of 1351899.
3, 150211
List the prime factors of 90577.
53, 1709
List the prime factors of 326651.
13, 25127
List the prime factors of 792349.
487, 1627
List the prime factors of 1369.
37
What are the prime factors of 109181?
23, 47, 101
List the prime factors of 107493.
3, 35831
What are the prime factors of 11252696?
2, 7, 13, 29, 41
List the prime factors of 959217.
3, 7, 45677
List the prime factors of 22767328.
2, 711479
List the prime factors of 208829.
19, 29, 379
What are the prime factors of 1836879?
3, 11, 55663
What are the prime factors of 394727?
394727
What are the prime factors of 262549?
7, 37507
List the prime factors of 6843225.
3, 5, 91243
What are the prime factors of 11252050?
2, 5, 139, 1619
What are the prime factors of 452751?
3, 13, 19, 47
List the prime factors of 4253311.
4253311
List the prime factors of 16394218.
2, 653, 12553
What are the prime factors of 277721?
167, 1663
List the prime factors of 152801.
11, 29, 479
What are the prime factors of 1471607?
19, 73, 1061
What are the prime factors of 8612212?
2, 7, 23, 43, 311
What are the prime factors of 15527592?
2, 3, 71887
List the prime factors of 10865369.
41, 43, 6163
What are the prime factors of 2630168?
2, 163, 2017
List the prime factors of 200459.
7, 4091
List the prime factors of 1842329.
1842329
List the prime factors of 30891.
3, 7, 1471
What are the prime factors of 19769?
53, 373
What are the prime factors of 273138?
2, 3, 45523
What are the prime factors of 20165778?
2, 3, 1120321
What are the prime factors of 278878?
2, 139439
List the prime factors of 717352.
2, 89669
What are the prime factors of 358629?
3, 173, 691
What are the prime factors of 82848?
2, 3, 863
What are the prime factors of 201146?
2, 11, 41, 223
What are the prime factors of 1711014?
2, 3, 31, 9199
List the prime factors of 6610480.
2, 5, 19, 4349
What are the prime factors of 37033032?
2, 3, 71, 103, 211
What are the prime factors of 8223081?
3, 179, 15313
What are the prime factors of 307231?
79, 3889
List the prime factors of 1090716.
2, 3, 11, 8263
List the prime factors of 561824.
2, 97, 181
List the prime factors of 12147403.
19, 639337
What are the prime factors of 4104100?
2, 5, 7, 11, 13, 41
What are the prime factors of 20599246?
2, 10299623
List the prime factors of 6631097.
11, 211, 2857
What are the prime factors of 8580123?
3, 953347
List the prime factors of 505089.
3, 13, 1439
What are the prime factors of 3017608?
2, 11, 53, 647
List the prime factors of 161207.
23, 43, 163
What are the prime factors of 385891?
11, 35081
List the prime factors of 616462.
2, 7, 11, 4003
List the prime factors of 625263.
3, 37, 43, 131
What are t